{"id":158,"date":"2024-10-07T14:07:59","date_gmt":"2024-10-07T14:07:59","guid":{"rendered":"https:\/\/gostivari.gov.mk\/042\/?page_id=158"},"modified":"2024-10-24T10:05:22","modified_gmt":"2024-10-24T10:05:22","slug":"dr-valbon-limani","status":"publish","type":"page","link":"https:\/\/gostivari.gov.mk\/042\/dr-valbon-limani","title":{"rendered":"Dr. Valbon Limani"},"content":{"rendered":"<div  class='flex_column av-7wj6e-0a26f643a70d561c3a848792c40bcae7 av_one_full  avia-builder-el-0  el_before_av_one_half  avia-builder-el-first  first flex_column_div  '     ><section  class='av_textblock_section av-m1z370lt-72fb07e18786e41305896dc4ab6df3ec '   itemscope=\"itemscope\" itemtype=\"https:\/\/schema.org\/CreativeWork\" ><div class='avia_textblock'  itemprop=\"text\" ><p><img loading=\"lazy\" decoding=\"async\" class=\"alignleft wp-image-159 size-medium\" src=\"https:\/\/gostivari.gov.mk\/042\/wp-content\/uploads\/2024\/10\/ValbonLimani-300x254.jpg\" alt=\"\" width=\"300\" height=\"254\" srcset=\"https:\/\/gostivari.gov.mk\/042\/wp-content\/uploads\/2024\/10\/ValbonLimani-300x254.jpg 300w, https:\/\/gostivari.gov.mk\/042\/wp-content\/uploads\/2024\/10\/ValbonLimani-768x650.jpg 768w, https:\/\/gostivari.gov.mk\/042\/wp-content\/uploads\/2024\/10\/ValbonLimani-705x596.jpg 705w, https:\/\/gostivari.gov.mk\/042\/wp-content\/uploads\/2024\/10\/ValbonLimani.jpg 1000w\" sizes=\"auto, (max-width: 300px) 100vw, 300px\" \/><\/p>\n<p style=\"text-align: justify;\"><strong>Dr. Valbon Limani<\/strong>, funksionin e kryetarit t\u00eb komun\u00ebs s\u00eb Gostivarit, e mori m\u00eb 08.07.2024, pasi q\u00eb u votua n\u00eb K\u00ebshillin komunal t\u00eb Komun\u00ebs s\u00eb Gostivarit me 22 vota p\u00ebr dhe 9 kund\u00ebr. N\u00eb k\u00ebt\u00eb funksion vjen si ushtrues detyre, deri n\u00eb zgjedhjet e ardhshme lokale n\u00eb tetor t\u00eb vitit 2025.<\/p>\n<p style=\"text-align: justify;\">M\u00eb 26 n\u00ebntor t\u00eb vitit 2021 zgjidhet kryesues i K\u00ebshillit komunal t\u00eb Komun\u00ebs s\u00eb Gostivarit, funksion t\u00eb cilin e ushtroi deri m\u00eb 08.07.2024.<\/p>\n<p style=\"text-align: justify;\">Dr. Valbon Limani \u00ebsht\u00eb specialist endokrinolog n\u00eb Klinik\u00ebn Universitare t\u00eb endokrinologjis\u00eb, diabetit dhe \u00e7rregullimeve metabolike n\u00eb Shkup.<\/p>\n<p style=\"text-align: justify;\">I lindur m\u00eb 19 maj 1980 n\u00eb Gostivar. N\u00eb vitin 2008 diplomoi n\u00eb Fakultetin e Mjek\u00ebsis\u00eb, Universiteti i Trakis\u00eb dhe n\u00eb vitin 2019 p\u00ebrfundoi specializimin p\u00ebr endokrinologji n\u00eb Klinik\u00ebn Universitare t\u00eb endokrinologjis\u00eb, diabetit dhe \u00e7rregullimeve metabolike n\u00eb Shkup.<br \/>\nN\u00eb periudh\u00ebn 2022-2024 ka qen\u00eb i angazhuar si asistent n\u00eb Fakultetin e shkencave mjek\u00ebsore pran\u00eb Universitetit shtet\u00ebror t\u00eb Tetov\u00ebs.<\/p>\n<p style=\"text-align: justify;\">\u00cbsht\u00eb an\u00ebtar i Shoqat\u00ebs shkencore t\u00eb endokrinolog\u00ebve dhe diabetolog\u00ebve t\u00eb Maqedonis\u00eb, si dhe an\u00ebtar i Asociacionit Evropian p\u00ebr Studim t\u00eb Diabetit (EASD).<\/p>\n<p style=\"text-align: justify;\">Gjat\u00eb p\u00ebrvoj\u00ebs s\u00eb tij t\u00eb pun\u00ebs n\u00eb sektorin civil, Dr. Valbon Limani ka qen\u00eb kryetar i bordit drejtues t\u00eb Shoqat\u00ebs qytetare &#8220;Most&#8221; n\u00eb periudh\u00ebn 2014-2016, si dhe an\u00ebtar i bordit n\u00eb OJQ &#8220;Qendra europiane p\u00ebr zhvillim, toleranc\u00eb dhe bashk\u00ebpunim&#8221;.<\/p>\n<p style=\"text-align: justify;\">Valbon Limani \u00ebsht\u00eb i martuar dhe ka tre f\u00ebmij\u00eb.<\/p>\n<p style=\"text-align: justify;\">Kontakto Kryetarin Valbon Limani<\/p>\n<p style=\"text-align: justify;\">valbon.limani@gostivari.gov.mk<\/p>\n<\/div><\/section><\/div><div  class='flex_column av-1unta-127fd2c02e98343a60ba401be1a76075 av_one_half  avia-builder-el-2  el_after_av_one_full  el_before_av_one_half  first flex_column_div  column-top-margin'     ><\/div><\/p>\n<div  class='flex_column av-gus9a-66d651105a5ca155f74e0d51942cbbec av_one_half  avia-builder-el-3  el_after_av_one_half  el_before_av_one_half  flex_column_div  column-top-margin'     ><\/div>\n<div  class='flex_column av-6ze9y-cd9a7d62bd9d3775e64d72d1c4336e49 av_one_half  avia-builder-el-4  el_after_av_one_half  avia-builder-el-last  first flex_column_div  column-top-margin'     ><\/div>\n","protected":false},"excerpt":{"rendered":"","protected":false},"author":1,"featured_media":0,"parent":0,"menu_order":0,"comment_status":"closed","ping_status":"closed","template":"","meta":{"footnotes":""},"class_list":["post-158","page","type-page","status-publish","hentry"],"_links":{"self":[{"href":"https:\/\/gostivari.gov.mk\/042\/wp-json\/wp\/v2\/pages\/158","targetHints":{"allow":["GET"]}}],"collection":[{"href":"https:\/\/gostivari.gov.mk\/042\/wp-json\/wp\/v2\/pages"}],"about":[{"href":"https:\/\/gostivari.gov.mk\/042\/wp-json\/wp\/v2\/types\/page"}],"author":[{"embeddable":true,"href":"https:\/\/gostivari.gov.mk\/042\/wp-json\/wp\/v2\/users\/1"}],"replies":[{"embeddable":true,"href":"https:\/\/gostivari.gov.mk\/042\/wp-json\/wp\/v2\/comments?post=158"}],"version-history":[{"count":6,"href":"https:\/\/gostivari.gov.mk\/042\/wp-json\/wp\/v2\/pages\/158\/revisions"}],"predecessor-version":[{"id":1558,"href":"https:\/\/gostivari.gov.mk\/042\/wp-json\/wp\/v2\/pages\/158\/revisions\/1558"}],"wp:attachment":[{"href":"https:\/\/gostivari.gov.mk\/042\/wp-json\/wp\/v2\/media?parent=158"}],"curies":[{"name":"wp","href":"https:\/\/api.w.org\/{rel}","templated":true}]}}